(0 + -3)/((-39)/(-52)) + 5. Let y(s) be the third derivative of -s**6/40 + 2*s**2. Calculate y(m).
-3
Let g = -4 + 6. Suppose -4*j + 2 = -g. Let v(l) = -l**3 + 2*l**2 - l. Calculate v(j).
0
Let s(i) = i**2 - 8*i + 9. Suppose 29*c = 30*c - 8. Calculate s(c).
9
Let o(s) be the first derivative of s**5/60 + s**4/8 + s**3/3 - s**2 - 1. Let b(n) be the second derivative of o(n). Calculate b(-2).
0
Let h be (1 - 3) + -5 + 4. Let w(a) = -2*a**2 - 11*a + 11. Let y(u) = u**2 + 6*u - 6. Let m(l) = -3*w(l) - 5*y(l). Give m(h).
-3
Let x(t) = t**2 - 6*t + 6. Let b be x(3). Let u(m) = -4*m - 2. Give u(b).
10
Let n be 6/(-2 + 1/2). Let s(k) = k**3 + 5*k**2 + k + 7. Let z be s(-5). Let c(i) = 3*i + 0*i - 2*i - 3 - z*i. What is c(n)?
1
Let d be (-3*1)/3 - -3. Let f be 3/(-12)*d*-8. Let b(w) = -3*w + 4 + 5*w**2 - f*w**2 - w**3 - 6*w**2. Give b(-4).
0
Suppose t + 3*q = -2*q, 2*t + 4*q = 0. Suppose 0 = 2*o + n, t = 3*o + 3*n - 4*n - 5. Let y(p) = o - p + p + p. Give y(3).
4
Let f(r) = -12*r**3 + 5*r**2 + 3*r - 1. Let t(x) = -12*x**3 + 4*x**2 + 2*x - 1. Let a(n) = -2*f(n) + 3*t(n). Calculate a(-1).
13
Let z(k) = k**2 + 2*k + 2. Let c = 37 + -41. Determine z(c).
10
Let m(p) = p + 9. Let v(r) = r + 1. Let t(c) = -m(c) + 3*v(c). Let w be (-4)/(-10) - (-78)/30. Suppose 0 = -w*x - 2*x + 25. Determine t(x).
4
Suppose -2*h + 19 = -5*w, -w = -5*h + 2*w. Let x be 9*h/(6/(-4)). Suppose -2*p - 4*m = x, -2*p + 4*m + 25 = 3*p. Let j(t) = 2*t**3 - 2*t**2 + 1. Give j(p).
1
Let d(v) = -v - 1. Let k(o) = -o**2 + 4*o - 1. Let s(m) = 2*d(m) - k(m). Calculate s(5).
-6
Let s(v) = v**2 + 2 - 6*v + 6*v - 3 + v. Give s(-4).
11
Let r(g) be the second derivative of -1/20*g**5 - 1/2*g**2 + 1/3*g**3 + 0*g**4 + g + 0. Give r(1).
0
Let f(w) be the first derivative of -w**5/60 - w**4/24 + w**3/3 - w**2 + 7. Let m(a) be the second derivative of f(a). Let i = 0 - 0. Determine m(i).
2
Let n = 6 - 3. Let w(t) = -t**3 - t**n + t**3 - 3 - t**2. Calculate w(0).
-3
Let i(f) be the second derivative of -f**4/12 - f**3/2 + f. Let m = 22 + -16. Let r(k) = k - 9. Let w be r(m). Determine i(w).
0
Let f(g) = -g**2 - 1 + 5*g - 5 + 1 - 2*g. Let p(a) = a**2 + 3*a - 6. Let x be p(-5). Calculate f(x).
-9
Let z(m) = m**3 - 6*m**2 + 6. Let s(v) = -v + 1. Let t be s(-4). Give z(t).
-19
Let i(a) = -4*a - 7. Let d(r) = -11*r - 20. Let n(m) = -3*d(m) + 8*i(m). Give n(-7).
-3
Let z(x) be the third derivative of x**8/20160 - x**7/1260 + x**6/240 + x**5/30 + 3*x**2. Let f(m) be the third derivative of z(m). Give f(5).
8
Let t(q) = 3*q**3 - 2*q**2 - 5*q - 2. Let v(a) = 6*a**3 - 5*a**2 - 11*a - 5. Let d(w) = 9*t(w) - 4*v(w). Let u = 19 + -21. Calculate d(u).
-12
Let v(l) = -l**2 - 4*l + 4. Let g(k) = -k**2 - k + 1. Let z(f) = -4*g(f) + v(f). Suppose 0*i = 4*i - 4. Let u be z(i). Let h(n) = -n + 2. Give h(u).
-1
Let r(j) = -j**3 + 6*j**2 + 2*j - 7. Suppose 0 = 4*t - 8, t + 14 + 23 = -3*u. Let n = -5 - u. Suppose 0 = -n*v + 5*v + 18. Calculate r(v).
5
Let q(n) = -n**3 + n + 1. Let f(l) = 14*l**3 + l**2 - 3*l - 4. Let u(k) = -f(k) - 3*q(k). Give u(-1).
11
Let t(u) be the second derivative of 0 + 0*u**3 + 0*u**2 + 1/6*u**4 + 1/720*u**6 + 7/120*u**5 + u. Let n(l) be the third derivative of t(l). Give n(0).
7
Let x be 14/6 + (-5)/15. Suppose 4 = k + x. Let c(r) = -4 + 2*r**2 + 2 + 3*r + 0*r**k - r**3. Determine c(2).
4
Let z = 4 - 2. Suppose -j = 3*v - 0*v, 0 = z*v + 4. Let c(d) = -d**3 + 6*d**2 - d + 1. Let x be c(j). Let u(r) = -r**2 - 5*r - 6. What is u(x)?
-6
Let k(i) = 2. Let u(n) = n + 11. Let y(m) = -2*k(m) + u(m). What is y(-6)?
1
Let w = 8 - 13. Let f(c) be the first derivative of c + 1/2*c**2 + 4. Give f(w).
-4
Let g(q) be the second derivative of -8*q - 1/6*q**3 + 2*q**2 + 0. Suppose 0 = 5*p - 3*p - 4. Give g(p).
2
Let q(f) = -2*f**2 - 4*f - 2. Let n = -3 - -1. Determine q(n).
-2
Let s(z) be the third derivative of 0 + 5/6*z**3 + 1/12*z**5 - z**2 + 1/12*z**4 + 1/120*z**6 + 0*z. Let n be 5/(-2)*(-1 + 3 + 0). Calculate s(n).
-5
Suppose 0 = -2*k - 14*k + 64. Let t(w) be the second derivative of 0 - 5/12*w**k - w**2 + 1/20*w**5 + 4*w + 1/2*w**3. Give t(4).
-6
Let d = 3 + -3. Let b = -4 + d. Let a(l) = -6*l - 1. Let r(v) = 5*v + 1. Let c(u) = -3*a(u) - 4*r(u). Give c(b).
7
Let g(j) = 4*j**2 - 2*j - 5 + 8*j - 3*j**2. Give g(-5).
-10
Let s be (-1)/(-3)*18/2. Let f(h) be the first derivative of h**2/2 - 3*h - 1. Determine f(s).
0
Let g(x) = 2*x**2 + 7*x + 5. Suppose -3*r + 10 = -5*s - 8*r, 6 = 3*r. Determine g(s).
9
Let g = -6 + 8. Suppose -b - 3 = 2*c, g*b = c - 3 + 2. Let n(o) be the second derivative of o**3/3 + o**2/2 + 2*o. Give n(b).
-1
Let z = -7 - -12. Let x(j) be the first derivative of j**6/360 - j**5/30 + 5*j**4/24 + 4*j**3/3 + 2. Let f(h) be the third derivative of x(h). Give f(z).
10
Let w(n) be the first derivative of -n**3/3 + n**2/2 + 5*n + 29. What is w(0)?
5
Let u(t) = -3*t**2 + 2*t + 2. Let a(h) = -2*h + 18. Let f be a(10). What is u(f)?
-14
Suppose g + 9 = 2*r, -5*r - g + 6 = -27. Let w(a) = 6*a - r*a - a - 7 + 2*a. What is w(5)?
-2
Let n = -2 + -2. Let a(y) = -4*y + 1. Let h(v) = 10 + 15 - 24 - 7*v. Let c(d) = 5*a(d) - 3*h(d). Give c(n).
-2
Let j(q) = -3*q**2 + q. Let n(f) = 2*f**2. Let h(a) = 4*j(a) + 5*n(a). Determine h(3).
-6
Let r(m) = -m**2 + 4. Let h be r(0). Let p be (-38)/(-14) - h/(-14). Let l(q) = -q**2 + q + 4. Let c be l(p). Let i(d) = -3*d**2 - 3*d - 2. Calculate i(c).
-8
Let t(k) = k**3 + k**2 - k. Let h(c) = -3*c**3 - 4*c**2 + 3*c + 2. Let s(f) = f - 1. Let x be s(2). Let n(b) = x*h(b) + 4*t(b). What is n(-2)?
-4
Let r be (-9)/12 - (-310)/8. Let g = r - 27. Suppose -a - o + 4 = 0, -3*o - 4 = -g*a + 6*a. Let y(s) = -2*s**3 + 2*s**2 + 3*s - 3. Determine y(a).
-5
Let m(r) = -r**2 + 4*r - 4. Let q be m(3). Let y(k) = 2*k - 3*k - 3*k. What is y(q)?
4
Suppose 5*a = -2 + 12. Let g(z) be the second derivative of 1/2*z**2 + 0*z**3 + a*z + 0 + 5/12*z**4. Give g(1).
6
Let o(r) = -13*r + 7*r + 5 + 7*r. Let v be -1 + 1 + 0 - -3. Let f = v + -3. Give o(f).
5
Let d(f) = -f**2 + 7*f - 10 + 4 - 3*f + 4*f. What is d(8)?
-6
Let r(k) = -6 - 2*k + 3 + 1. Give r(6).
-14
Let q(g) be the third derivative of -g**6/120 - 7*g**5/60 - 7*g**4/24 - 4*g**3/3 - 4*g**2. Determine q(-6).
-2
Let x(u) = -23 - 5*u + 3*u**2 - 2*u**2 + 16. Calculate x(6).
-1
Let d(i) be the third derivative of -2*i**2 + 0 + 0*i - 1/120*i**6 - 1/15*i**5 - 1/12*i**4 + 5/6*i**3. Give d(-4).
13
Let w(k) = -2*k + 3*k - k**3 - 4*k - 4*k**2. Determine w(-2).
-2
Suppose 0 = -f + 4 - 1. Let j(n) = n + 0 - 2 + f*n - 1. What is j(2)?
5
Let a(d) = -d - 3. Let k be a(-12). Let c(f) = 2 + 5*f - k*f + 3*f. Give c(4).
-2
Let w(h) = -5*h**3 - 11*h**2 + 9*h + 3. Let x(g) = -9*g**3 - 22*g**2 + 18*g + 7. Let b(v) = -11*w(v) + 6*x(v). Calculate b(10).
-1
Suppose m + 4*m = b + 12, 3*b + m - 12 = 0. Let g(p) = -3*p + 4. Let l be g(b). Let n(o) = o**3 + 6*o**2 + 3*o - 6. Calculate n(l).
4
Let b(t) = -t**3 - 4*t**2 + 3*t + 3. Suppose 0 = -11*x - 70 + 26. Give b(x).
-9
Suppose d - s - 6 = 0, -2*d + 8*s - 3*s + 27 = 0. Suppose -3*g - d - 2 = 0. Let u(a) = -a**3 - a**2 + a. Determine u(g).
-1
Let d(r) = r**2 + 6*r**3 - 5*r**2 - 5*r**3 - 2*r**2 + 3. Determine d(6).
3
Let o(s) = -s**2 - 5*s + 5. Let u(k) = -k**2 + 3. Let y be u(0). Suppose p - 5*g = 0, -3*p - 6*g = -y*g + 18. Give o(p).
5
Let p(r) = -3*r - 1. Let a = -88 + 93. Calculate p(a).
-16
Suppose z - 3 = 5*s, s + 0*s - 9 = -3*z. Suppose 0 = -z*w - 3. Let x(v) = -3*v**2 + v + 1. Give x(w).
-3
Let v(x) = -10*x + 1. Suppose 3*q = -5*l, 4*q + 2*l = q. Suppose -2 = -2*r - q. Calculate v(r).
-9
Suppose -12 = -4*o, 6*o = 3*m + 5*o - 12. Suppose -3*d + 0*y + 24 = -m*y, y = -3. Let r(k) = 3*k + 2*k**2 - d*k**2 + 4 - 7*k. Give r(-4).
4
Let o = -72 - -69. Let j(a) be the first derivative of -a**4/4 - 2*a**3/3 + a**2/2 + a - 2. Give j(o).
7
Let o(z) = 3*z**3 + z**2 - 2*z + 6. Let c(a) = -2*a**3 + a - 5. Let w(p) = -4*c(p) - 3*o(p). Give w(-3).
-4
Let u(y) = -y**2 + y. Let a(l) = 3*l - 35. Let h be a(11). What is u(h)?
-6
Suppose -2*y + 16 = -0*y. Suppose 38 = 5*g - 4*b, 4*g + 5*b - y = g. Let k(f) = -f**3 + 6*f**2 + f - 6. What is k(g)?
0
Let j = -7 - -12. Let x(t) = 2*t - 6. Let p be x(j). Let s(k) = -1 + 3 + 3*k - p. Calculate s(-2).
-8
Let y(j) = -7*j - 8. Let n(c) = 6*c + 7. Let x(b) = -6*n(b) - 5*y(b). What is x(5)?
-7
